composite?
True
Is 114495461 prime?
False
Is 2030879 prime?
True
Is 5928451 composite?
False
Is 611605 prime?
False
Is 5046289 a composite number?
True
Is 2603981 composite?
False
Is 302246543 a prime number?
True
Is 7972537 composite?
True
Is 479783935 a prime number?
False
Is 6940091 a prime number?
True
Is 2948941 a prime number?
False
Is 143597431 a prime number?
False
Is 176977 prime?
True
Is 87410227 prime?
True
Is 207031241 prime?
True
Is 15234727 a composite number?
True
Is 20204043 a composite number?
True
Is 1064441 a composite number?
True
Is 812287 a prime number?
False
Is 3486803 prime?
True
Is 8650315 composite?
True
Is 17511771 a prime number?
False
Is 41887149 composite?
True
Is 1720573 prime?
False
Is 2818789 composite?
False
Is 2126851 prime?
True
Is 387005111 a prime number?
True
Is 3937819 a composite number?
False
Is 23347339 a composite number?
False
Is 10868821 a prime number?
False
Is 52965911 a prime number?
True
Is 1744987 composite?
True
Is 3919277 prime?
True
Is 19350823 a composite number?
True
Is 7144441 prime?
False
Is 4220303 a composite number?
True
Is 155847713 composite?
True
Is 122369437 composite?
True
Is 634177 prime?
True
Is 17944867 prime?
False
Is 157163 prime?
True
Is 28849367 a prime number?
True
Is 3080837 prime?
False
Is 222721633 a composite number?
False
Is 97063303 a composite number?
True
Is 8304809 prime?
True
Is 10815947 a prime number?
False
Is 6787423 composite?
True
Is 9420211 a composite number?
False
Is 169988107 a composite number?
True
Is 2188999 prime?
False
Is 24698549 composite?
True
Is 144800233 a composite number?
True
Is 3906121 composite?
True
Is 362251507 composite?
False
Is 27299863 a prime number?
True
Is 499918105 a composite number?
True
Is 1221323 a composite number?
True
Is 46767298 a prime number?
False
Is 16022219 prime?
True
Is 2000323 a composite number?
True
Is 618283 composite?
True
Is 4871305 a composite number?
True
Is 25620577 a prime number?
True
Is 136100417 a prime number?
False
Is 50278933 a composite number?
False
Is 13028123 a composite number?
False
Is 135138841 a prime number?
False
Is 190235347 composite?
False
Is 43845569 composite?
True
Is 79007561 a composite number?
True
Is 1777313 composite?
False
Is 16898573 prime?
False
Is 1096471 prime?
False
Is 1233389 composite?
True
Is 18821351 composite?
False
Is 36646853 composite?
True
Is 1312864351 prime?
True
Is 1912073 a prime number?
False
Is 32652439 a prime number?
True
Is 475417 prime?
True
Is 31561093 a prime number?
True
Is 8426779 composite?
True
Is 4618091 composite?
False
Is 2010985 a prime number?
False
Is 4861501 prime?
True
Is 352711 a prime number?
True
Is 418801049 a prime number?
True
Is 2221097 prime?
True
Is 22711469 composite?
True
Is 17343793 composite?
False
Is 224557 prime?
False
Is 74462051 a prime number?
True
Is 274239227 prime?
False
Is 772259 prime?
False
Is 24417227 a composite number?
False
Is 2783453 a prime number?
False
Is 13064453 composite?
False
Is 5520737 a prime number?
False
Is 28692121 composite?
False
Is 8449189 a composite number?
True
Is 148338607 prime?
True
Is 38412139 a composite number?
True
Is 25974661 a composite number?
False
Is 1566079 prime?
True
Is 27106771 a composite number?
False
Is 3140729 a composite number?
True
Is 18089029 a composite number?
True
Is 14855795 a composite number?
True
Is 3941099 composite?
False
Is 167593 a prime number?
True
Is 893917789 prime?
False
Is 135294661 a composite number?
True
Is 399305 prime?
False
Is 176783 a prime number?
False
Is 88702951 composite?
False
Is 4123599 composite?
True
Is 96428539 a prime number?
False
Is 2145019 composite?
True
Is 7442687 a composite number?
True
Is 750341 composite?
True
Is 1115041 composite?
True
Is 10929551 prime?
False
Is 148655707 a composite number?
False
Is 36956237 prime?
False
Is 34012513 composite?
False
Is 10239781 a composite number?
False
Is 2054441 a prime number?
False
Is 622411 a composite number?
True
Is 3696451 prime?
False
Is 129636743 a prime number?
True
Is 1505311 composite?
False
Is 201377573 a composite number?
True
Is 1381553 a composite number?
False
Is 383094391 prime?
True
Is 3554333 composite?
False
Is 175826107 prime?
False
Is 1144721 a composite number?
False
Is 138307 a prime number?
False
Is 11116267 prime?
False
Is 2907997 prime?
True
Is 6725381 a prime number?
False
Is 53127377 composite?
False
Is 129511523 composite?
False
Is 101830535 composite?
True
Is 13809793 a composite number?
True
Is 72570437 prime?
True
Is 47030693 prime?
False
Is 783889393 prime?
False
Is 556847 a composite number?
True
Is 1298321 a prime number?
False
Is 168566555 composite?
True
Is 7042367 a composite number?
False
Is 689655917 a composite number?
False
Is 100776001 prime?
False
Is 6994723 a prime number?
False
Is 118972031 a composite number?
True
Is 81380483 prime?
False
Is 20904511 prime?
True
Is 8410429 a prime number?
True
Is 1045589933 composite?
False
Is 224055647 a composite number?
False
Is 4630213 a composite number?
True
Is 2821135 prime?
False
Is 77561807 a composite number?
False
Is 3975311 composite?
True
Is 1990499 a composite number?
True
Is 13976797 a composite number?
False
Is 579751013 a prime number?
True
Is 707191503 prime?
False
Is 5152247 prime?
True
Is 374380613 a composite number?
True
Is 156532591 a composite number?
False
Is 147768623 prime?
True
Is 5879749 a composite number?
False
Is 2237273 prime?
False
Is 11274937 a prime number?
True
Is 11621299 a prime number?
False
Is 2891323 a composite number?
False
Is 264089761 composite?
True
Is 229811 composite?
True
Is 1164253 composite?
False
Is 790219 a prime number?
True
Is 33073255 a prime number?
False
Is 29119121 a composite number?
False
Is 900622 prime?
False
Is 59743 a prime number?
True
Is 7926151 a composite number?
False
Is 50981279 a prime number?
True
Is 79275913 a prime number?
False
Is 22895591 a prime number?
True
Is 6364529 a composite number?
False
Is 64966739 a prime number?
False
Is 9857927 a prime number?
True
Is 1362133 a prime number?
False
Is 7941 a prime number?
False
Is 61776199 a prime number?
False
Is 235445306 composite?
True
Is 1663861 composite?
False
Is 11160143 composite?
True
Is 1625471 composite?
False
Is 334363 a prime number?
True
Is 21243503 composite?
False
Is 7197407 composite?
True
Is 4960891 composite?
True
Is 6373769 prime?
True
Is 4221143 composite?
True
Is 1516253 a composite number?
True
Is 1566511 composite?
True
Is 1584881 composite?
False
Is 30655285 prime?
False
Is 651653 prime?
False
Is 112349 prime?
True
Is 56834695 a composite number?
True
Is 15920033 prime?
True
Is 725587 a prime number?
True
Is 20039086 a prime number?
False
Is 10645399 a composite number?
False
Is 2080759 prime?
True
Is 2771113 composite?
False
Is 40173217 prime?
False
Is 29623609 a prime number?
False
Is 28548107 composite?
True
Is 73296931 prime?
False
Is 802103 composite?
False
Is 108043603 prime?
False
Is 709375385 a composite number?
True
Is 10031207 prime?
False
Is 2372731 a composite number?
False
Is 23834783 a composite number?
True
Is 603462449 composite?
False
Is 1690883 a composite number?
False
Is 26255137 prime?
True
Is 2340911 a prime number?
True
Is 4531729 a composite number?
False
Is 21807463 a prime number?
True
Is 3495773 prime?
True
Is 12106691 prime?
True
Is 5347259 a composite number?
False
Is 510311 a composite number?
False
Is 11001599 a prime number?
False
Is 93160339 composite?
True
Is 4034543 a prime number?
True
Is 2979283 a composite number?
True
Is 3015997 composite?
False
Is 39927427 composite?
False
Is 7195121 a prime number?
False
Is 34792649 prime?
False
Is 47067367 a composite number?
True
Is 305983817 a composite number?
False
Is 11033689 a composite number?
True
Is 229453 a composite number?
True
Is 674393 a prime number?
True
Is 287846877 a composite number?
True
Is 240169 a composite number?
False
Is 12082627 a prime number?
True
Is 2995903 a prime number?
False
Is 45475621 composite?
False
Is 3758374 a composite number?
True
Is 16241287 a composite number?
True
Is 2547169 a prime number?
False
Is 41005491 a prime number?
False
Is 69838421 a composite number?
False
Is 1999433 prime?
False
Is 267260531 prime?
False
Is 87644461 prime?
Tr